{"id":2,"date":"2024-04-08T15:42:56","date_gmt":"2024-04-08T15:42:56","guid":{"rendered":"http:\/\/www.laraneda.lt\/?page_id=2"},"modified":"2024-04-10T07:30:16","modified_gmt":"2024-04-10T07:30:16","slug":"sample-page","status":"publish","type":"page","link":"http:\/\/www.laraneda.lt\/","title":{"rendered":"Apie mus"},"content":{"rendered":"\n<p>UAB Laraneda bendrov\u0117 \u012fkurta 2002 m. Veikl\u0105 vykdome paslaug\u0173 verslui srityje &#8211; turinio k\u016brimas, lokalizavimas, skaitmenin\u0117 rinkodara, vertimai. Nuo 2004 m. esame akredituotas ES institucij\u0173 paslaug\u0173 teik\u0117jas. <\/p>\n","protected":false},"excerpt":{"rendered":"<p>UAB Laraneda bendrov\u0117 \u012fkurta 2002 m. Veikl\u0105 vykdome paslaug\u0173 verslui srityje &#8211; turinio k\u016brimas, lokalizavimas, skaitmenin\u0117 rinkodara, vertimai. Nuo 2004 m. esame akredituotas ES institucij\u0173 paslaug\u0173 teik\u0117jas.<\/p>\n","protected":false},"author":1,"featured_media":0,"parent":0,"menu_order":0,"comment_status":"closed","ping_status":"open","template":"","meta":{"footnotes":""},"class_list":["post-2","page","type-page","status-publish","hentry"],"_links":{"self":[{"href":"http:\/\/www.laraneda.lt\/index.php?rest_route=\/wp\/v2\/pages\/2","targetHints":{"allow":["GET"]}}],"collection":[{"href":"http:\/\/www.laraneda.lt\/index.php?rest_route=\/wp\/v2\/pages"}],"about":[{"href":"http:\/\/www.laraneda.lt\/index.php?rest_route=\/wp\/v2\/types\/page"}],"author":[{"embeddable":true,"href":"http:\/\/www.laraneda.lt\/index.php?rest_route=\/wp\/v2\/users\/1"}],"replies":[{"embeddable":true,"href":"http:\/\/www.laraneda.lt\/index.php?rest_route=%2Fwp%2Fv2%2Fcomments&post=2"}],"version-history":[{"count":3,"href":"http:\/\/www.laraneda.lt\/index.php?rest_route=\/wp\/v2\/pages\/2\/revisions"}],"predecessor-version":[{"id":43,"href":"http:\/\/www.laraneda.lt\/index.php?rest_route=\/wp\/v2\/pages\/2\/revisions\/43"}],"wp:attachment":[{"href":"http:\/\/www.laraneda.lt\/index.php?rest_route=%2Fwp%2Fv2%2Fmedia&parent=2"}],"curies":[{"name":"wp","href":"https:\/\/api.w.org\/{rel}","templated":true}]}}